se 11) in base 16?
-1a0b68
What is -61262205 (base 7) in base 14?
-96d5ac
What is 114444255 (base 6) in base 15?
2d1e25
Convert -249513 (base 11) to base 7.
-3225354
Convert 2aa041 (base 12) to base 6.
23252121
544a2 (base 11) to base 4
103110111
Convert 4544427 (base 10) to base 5.
2130410202
Convert -676640 (base 10) to base 2.
-10100101001100100000
What is 1011000011111000011 (base 2) in base 14?
96123
What is 16645865 (base 9) in base 13?
19677a1
Convert 1315242 (base 7) to base 12.
83876
What is -10320323110 (base 4) in base 5?
-312003443
What is -2011133103 (base 4) in base 8?
-2053723
What is 3403502 (base 6) in base 4?
221331332
What is -40ab1b (base 14) in base 8?
-10243465
What is -14012260 (base 7) in base 8?
-4745726
What is -368103 (base 11) in base 9?
-1076032
63326 (base 11) to base 8
264106
Convert -4444251 (base 7) to base 13.
-162b19
What is -4830b (base 12) in base 14?
-275d9
What is -203132113221 (base 4) in base 14?
-1341013
1126 (base 13) to base 9
3254
7205341 (base 8) to base 7
22115031
What is -99081 (base 10) in base 3?
-12000220200
4031433 (base 5) to base 15
1422d
Convert -97c6c (base 14) to base 7.
-3060065
Convert 11001101101001010110 (base 2) to base 14.
17cd82
Convert -32334011 (base 5) to base 8.
-1035605
Convert -982396 (base 14) to base 3.
-100200211220010
3045601 (base 8) to base 7
6564105
What is -360273 (base 10) in base 13?
-c7ca4
-2a3820 (base 13) to base 10
-1036165
Convert 324345 (base 7) to base 16.
ddc7
What is 121102200030 (base 4) in base 13?
14b161c
135548 (base 9) to base 6
1435242
1b2216 (base 13) to base 2
10101000100000100111
What is 121d5c (base 16) in base 15?
186b44
Convert 1543526 (base 7) to base 16.
33e66
What is -13767 (base 13) in base 16?
-8e44
634444 (base 7) to base 13
3aba3
Convert 56866 (base 13) to base 2.
100110011011101111
What is 1743747 (base 10) in base 11?
a91115
Convert 21450313 (base 6) to base 4.
2131102011
What is -1213043 (base 6) in base 7?
-355053
What is -802868 (base 16) in base 9?
-16721168
130333421 (base 5) to base 12
268594
Convert -3867 (base 13) to base 3.
-102000100
What is 10011111000110101000001 (base 2) in base 5?
2313313010
What is -1030133101 (base 4) in base 7?
-2443255
What is 1243011313 (base 6) in base 4?
320010130131
-15402330 (base 6) to base 14
-1027dc
What is 123233231133 (base 4) in base 5?
3330221221
-22a135 (base 13) to base 15
-1137cb
Convert 21120321 (base 4) to base 10.
38457
Convert 2525265 (base 9) to base 2.
101001111101110001011
What is 227751 (base 8) in base 16?
12fe9
Convert 100100000100110101011 (base 2) to base 9.
2201510
Convert 339b8 (base 14) to base 3.
20101000200
What is -1453332 (base 6) in base 8?
-246030
-100011001110110111 (base 2) to base 14
-3a83d
Convert -16543462 (base 7) to base 2.
-110001100100100011001
Convert 1201301031 (base 4) to base 2.
1100001110001001101
What is -1540140 (base 6) in base 9?
-147466
What is 13246043 (base 9) in base 4?
120321101133
305445015 (base 6) to base 8
24202103
What is -64892 (base 15) in base 10?
-319187
What is 451725 (base 9) in base 15?
55165
-31321202 (base 4) to base 10
-56930
-71446 (base 10) to base 13
-2669b
What is -1321020123 (base 4) in base 5?
-111334110
1002122112010 (base 3) to base 4
2032132131
-30254251 (base 6) to base 14
-186611
-264a338 (base 12) to base 8
-34670534
Convert 4491231 (base 10) to base 8.
21103737
132344043 (base 5) to base 9
1228182
What is 85770 (base 9) in base 10?
56763
a5338 (base 12) to base 9
358848
Convert 11111101111011110 (base 2) to base 3.
20121100100
What is -6531064 (base 8) in base 11?
-a95516
1030011403 (base 5) to base 3
11010011212010
What is -101344424 (base 5) in base 8?
-1461663
-280637 (base 9) to base 5
-20433411
-312503 (base 8) to base 5
-11304442
What is -a9062 (base 12) in base 13?
-7a65a
Convert 11792 (base 13) to base 12.
16678
42244544 (base 7) to base 3
20201121001212
Convert 6123858 (base 10) to base 12.
2073a96
What is 1060034 (base 8) in base 15?
59e68
-715456 (base 12) to base 14
-341a02
14122212143 (base 5) to base 4
1011102123133
565192 (base 10) to base 5
121041232
Convert -1030423102 (base 5) to base 14.
-4144cc
Convert 45cd8 (base 14) to base 5.
20414201
-2100313003 (base 5) to base 4
-100123210311
49561 (base 12) to base 7
562321
101001101011111101101 (base 2) to base 5
322202442
Convert 3153025 (base 6) to base 8.
456411
What is -f1461 (base 16) in base 15?
-147c3c
What is 52003103 (base 6) in base 8?
5545257
Convert -13535523 (base 6) to base 11.
-297630
-23546422 (base 7) to base 14
-3c7b82
What is 996fe (base 16) in base 11?
39a204
Convert -21255221 (base 6) to base 3.
-1011222211011
-11100001000101111 (base 2) to base 12
-5683b
Convert -141402 (base 6) to base 4.
-3100022
13312343 (base 5) to base 13
497b5
-1b384 (base 16) to base 8
-331604
-135136351 (base 7) to base 3
-121122121211001
2300415 (base 6) to base 8
344073
-444213232 (base 5) to base 2
-111011010110011110001
-187d (base 14) to base 15
-149d
What is 20021101222211 (base 3) in base 11?
1978240
What is b24d8 (base 14) in base 4?
1220233232
Convert 14c91 (base 16) to base 14.
23053
Convert -149536 (base 13) to base 14.
-d2692
What is -1240d10 (base 16) in base 9?
-40011846
-110000111101111110000 (base 2) to base 16
-187bf0
-121000010010222 (base 3) to base 14
-11b5890
-102100111001 (base 3) to base 11
-142955
Convert -94442 (base 10) to base 6.
-2005122
Convert 27a5706 (base 12) to base 4.
132100032312
What is -2ccbd (base 16) in base 5?
-21332420
-1a048 (base 12) to base 11
-26671
369582 (base 10) to base 12
159a66
-426a6a3 (base 12) to base 13
-27b7c2a
What is -31423540 (base 6) in base 7?
-10554111
What is -7a5209 (base 11) in base 16?
-138aa1
Convert 45035 (base 6) to base 3.
22121212
-1dc2a5 (base 15) to base 11
-906965
Convert -2122300201 (base 4) to base 10.
-633889
What is 11110010101111 (base 2) in base 9?
23271
Convert 1133036 (base 7) to base 14.
3a01d
What is 12122212 (base 5) in base 12?
56009
2432321 (base 5) to base 3
2100001021
Convert -111212210011101 (base 3) to base 14.
-da0513
Convert -2691 (base 13) to base 10.
-5526
-1200111222 (base 3) to base 5
-2030212
Convert 73992 (base 11) to base 14.
2b34a
-63a75 (base 11) to base 5
-10440011
What is 2000100440 (base 5) in base 11?
2230297
Convert -181830 (base 16) to base 7.
-16264443
35535011 (base 8) to base 14
1067849
Convert 720061 (base 10) to base 12.
2a8851
Convert 11011111001100110011 (base 2) to base 13.
260182
23cff0 (base 16) to base 5
1100100432
Convert -611156 (base 13) to base 10.
-2258756
Convert 154070 (base 13) to base 8.
1775341
-223033021003 (base 4) to base 2
-101011001111001001000011
-dd865e (base 16) to base 12
-4a41652
832285 (base 11) to base 10
1335328
What is -a4db9 (base 14) in base 5?
-100212342
1615234 (base 8) to base 12
1a5510
Convert 15620 (base 16) to base 14.
23cc0
What is -3b08b2 (base 13) in base 7?
-15102530
What is -3161274 (base 10) in base 9?
-5847406
26468c (base 14) to base 7
14130535
What is -838a7 (base 12) in base 3?
-22202102101
Convert 16c9b9 (base 16) to base 10.
1493433
Convert -14304422334 (base 5) to base 14.
-270100a
d5add (base 14) to base 2
1111101110011010011
Convert -1219700 (base 12) to base 5.
-1400132234
What is b57b9b (base 14) in base 5?
3032122040
Convert 6032051 (base 7) to base 2.
10101110010001011011
Convert 32023013 (base 4) to base 9.
87565
-110101100101101100 (base 2) to base 5
-24011000
Convert 11307573 (base 9) to base 10.
5497131
Convert -11616200 (base 8) to base 16.
-271c80
Convert 10012111110200 (base 3) to base 4.
12133222131
Convert -1404136 (base 8) to base 2.
-1100000100001011110
Convert 33240 (base 16) to base 14.
564a4
Convert -2221222122121 (base 3) to base 8.
-6002762
1820da (base 16) to base 11
990042
-1011000001001110110101 (base 2) to base 15
-3c0d54
53344 (base 6) to base 4
1301200
What is -11641243 (base 7) in base 4?
-10000313032
Convert -121466056 (base 7) to base 16.
-742b55
Convert 989edc (base 16) to base 8.
46117334
138681 (base 13) to base 16
74217
38816 (base 10) to base 14
10208
What is 2211101111 (base 3) in base 6?
1105451
What is -4e36 (base 15) in base 9?
-24816
What is -3613231 (base 13) in base 8?
-77676443
-1302624 (base 9) to base 4
-2231132122
162231 (base 8) to base 10
58521
